h - 242243 = 0. Suppose -6*r + a = -0*r. Suppose -8*q + r = -2*q. Is q a prime number?
True
Suppose -2*i = -2*w + w - 81, 2*i = -2*w - 180. Is w/58*7636/(-6) prime?
False
Suppose -z - 5 = r, -5*z - 10*r + 47 = -14*r. Let o be 6 + (0 - -1)*-1. Suppose z*c + 10099 = -2*b + 7*b, o*b - 10101 = 2*c. Is b prime?
False
Let u = 288 + -292. Is u + 14844 + (-1)/((-2)/6) prime?
True
Let n(h) = -113*h**2 + 70*h + 22. Let v(m) = -169*m**2 + 105*m + 33. Let x(f) = 7*n(f) - 5*v(f). Is x(10) a composite number?
False
Suppose 0 = -285*q + 55*q + 27254310. Is q composite?
True
Suppose -12*r + 3763346 = 406574. Is r prime?
True
Let w(z) = 19608*z**2 - 14*z - 23. Is w(-2) a prime number?
True
Is (-14 - 13*-42921) + 3 composite?
True
Suppose -3*r + 5*b = -198603, 9*b - 7*b + 331043 = 5*r. Is r composite?
True
Suppose -q - 17*w = -20*w - 11945, -3*w - 59677 = -5*q. Let i = q + -6766. Is i prime?
True
Suppose 0 = 5*j - 3*g + 41, 4*j + g = -0*j - 26. Let f(h) be the first derivative of 2*h**3 - 2*h**2 - 11*h - 2. Is f(j) composite?
False
Let s(l) = 2*l + 34. Let m be s(-16). Suppose 53340 = -m*w + 8*w. Suppose -6509 - w = -9*v. Is v composite?
True
Let x(u) = u + 18. Let i be x(6). Let d be (i/(-9) + 2)*9. Is 76171/57 + (-4)/d a composite number?
True
Let c(k) = 13*k**2 + 6*k - 3. Let p be c(5). Suppose 8*x - p - 912 = 0. Let r = x - 31. Is r composite?
False
Let p be (-1*3)/(2/(-8)). Suppose 3*y - 78 = -3*l, -7*l - 4*y + 40 = -5*l. Suppose -4*i = -l - p. Is i prime?
True
Let h = 342040 + -233249. Is h a prime number?
True
Let i be (9 - 14)*3/(-5). Suppose 5*l = 4*u - 139, -2*u = -i*l - 32 - 39. Is u a prime number?
True
Suppose 0 = -5*p + 11 - 1, 3*n + 2*p - 898 = 0. Suppose -f - 4*m + 38 = -42, 5*f + 5*m - 370 = 0. Suppose 2*b = n + f. Is b a prime number?
False
Let l(n) = -37601*n + 457. Is l(-14) a prime number?
True
Suppose 4*k - 4*b - 4164 = 0, 5*b = -4*k + 4396 - 250. Let u = k + -170. Is u composite?
True
Suppose 4 = -304*x + 306*x. Suppose -3*f - 2*f = 4*d - 145176, x*d - 2*f - 72570 = 0. Is d composite?
True
Let w(j) be the third derivative of -j**7/2520 + j**6/720 + j**5/40 - j**4/8 - 3*j**2. Let z(p) be the second derivative of w(p). Is z(0) composite?
False
Suppose -3*f - 30 = -3*r, 0 = -5*f + 2*r - 52 + 2. Is 4 - (f - -3097)*(0 - 1) a composite number?
True
Suppose 629077 = s + 22*q - 20*q, -3774342 = -6*s + 3*q. Is s a composite number?
True
Let t(h) be the third derivative of 0 + 24*h**2 + 5/12*h**4 + 1/6*h**5 + 7/6*h**3 + 0*h. Is t(9) prime?
True
Suppose -3*h - 3*w + 36 = 0, 4*h - 35 = 2*w + 7. Suppose 8*y - h = 29. Suppose -y*t - 2250 = 3*d - 5*d, -t = -3*d + 3401. Is d prime?
False
Let j(b) = 5 + 6*b**2 + 39*b - 8 - 2*b**3 - 42*b. Let n be j(-5). Let c = n - -1537. Is c a prime number?
True
Suppose -39*a + 9*a + 4939635 = -15*a. Is a composite?
False
Let u(w) = -1128*w + 4. Let g be u(-2). Suppose 0*l - g = -4*l. Suppose l = 5*s - 1480. Is s a composite number?
False
Let d(b) = 2158*b**2 + 221*b - 1831. Is d(8) prime?
False
Suppose -47010257 = -272*k + 71*k + 80965840. Is k composite?
False
Let v be (-1*(-1)/(-3))/(2/6). Let q be (v - 2 - -3) + 1*5. Let h(f) = 2*f**2 - 7*f + 11. Is h(q) composite?
True
Let n(y) = -116*y - 155. Let x be n(-3). Suppose 188390 = -183*s + x*s. Is s prime?
True
Let r(m) = 6881*m - 9449. Is r(36) prime?
True
Let h be -14176*32/24 - 2/(-6). Let m = -7796 - h. Is m a composite number?
True
Is 19/(285/20)*(-801096)/(-32) prime?
False
Let p(u) be the first derivative of 17*u**4/4 + 8*u**3/3 + 3*u**2/2 - u + 65. Is p(6) a composite number?
True
Suppose 134*g - 135*g = -14. Suppose 2372 = -g*z + 17338. Is z a composite number?
False
Suppose -8*w = -20 + 76. Is w/(28/(-12)) + 4606 prime?
False
Let z = 191106 + 25963. Is z a prime number?
True
Is 7/(-35)*-75 - -146938 a prime number?
True
Suppose 3*j - 6490 = -3*s - 1399, -4*s = 5*j - 8481. Is j a composite number?
False
Let k(p) be the first derivative of -21*p**3/2 - 5*p**2/2 + 3*p - 18. Let l(n) be the first derivative of k(n). Is l(-2) a prime number?
False
Let x = 68355 + -32944. Is x prime?
False
Is (60 - -187985) + (-1 - -15) composite?
True
Let t(j) = -22*j + 25. Let b = -39 - 27. Let d = -74 - b. Is t(d) composite?
True
Let s(b) = 4945*b + 160. Let v be s(5). Is v/28 + 1*3/12 composite?
True
Let t be (-4*(-4)/4 - 0) + -3. Let g(y) = -20 - 2 - 5 + 57*y - t. Is g(9) a prime number?
False
Suppose 54*b - 15662135 - 3901039 = 0. Is b a composite number?
False
Let v(d) = 350*d + 2. Let p(x) = x - 1. Let r(f) = -4*p(f) - v(f). Let h be r(-4). Is h/(-2)*(3 - 4) a composite number?
False
Suppose -4*w - w + 5 = 0. Suppose 2*p - p = w. Let t(n) = 694*n - 5. Is t(p) prime?
False
Let y(d) = 4*d - 10. Let o be y(8). Let g = 46 - o. Suppose -g*h + 571 = -23*h. Is h composite?
False
Suppose -6*q = -4*x - 3919846, -q - 3*x = -716143 + 62817. Is q a prime number?
True
Let p(t) = 17*t**2 - 9*t - 14. Suppose f - 4 = 0, 2*f = 4*c + 6*f - 64. Let z be p(c). Suppose -z = -11*h + 11545. Is h prime?
False
Let j(t) = -28*t + 46. Let d(h) = -14*h + 23. Let k be ((-4)/14)/((-6)/(-42)). Let f(s) = k*j(s) + 5*d(s). Is f(-4) prime?
True
Let l(t) = -t**3 + 23*t**2 - 78*t + 42. Let q be l(19). Suppose 4*u = q*w - 138812, -3*w + 2*u = -8*w + 173515. Is w a prime number?
True
Suppose -3*h + 20*u = 24*u - 1879225, -4*u = -5*h + 3132063. Is h a composite number?
True
Let l(n) = -n**2 - 7*n + 81. Let m be l(-13). Suppose 12*p - 7*p - m*j - 6197 = 0, -3*p - 5*j + 3691 = 0. Is p a composite number?
False
Let l(g) = -40*g + 40. Let h be l(-2). Let k = 45 - 32. Let t = k + h. Is t prime?
False
Suppose 5*j = 3*w - 12323, -2*w + 1450 = 2*j - 6760. Suppose 4*m + 12 = 0, 2*m + 10409 = t - w. Is t a composite number?
True
Let p(b) = -128*b + 5. Suppose 2*f + 4 = -2, -3*o - 3*f = -30. Let v be p(o). Is ((v + -3)/(-3))/2 composite?
False
Let f = 4199486 + 1221183. Is f a prime number?
True
Let b(t) = 1108*t - 23. Let j be b(3). Let c = -1644 + j. Is c composite?
False
Let j(h) = -h**2 + 37*h - 56. Let l be j(35). Suppose q - 1519 = 5*w, -l*w + 11*w - 4509 = -3*q. Is q a composite number?
False
Let x(o) = o**2 + 4*o + 2. Let l be x(-4). Suppose 4*i + u - 46713 = 0, 2*u = -l + 12. Is i a composite number?
False
Let v = 20001 - -107422. Is v prime?
True
Suppose 2*u = v + 82, 5*u - 194 = -v - 2*v. Let c = 42 - u. Suppose -2*a - 4*w + 2094 = 0, -2*a - 3*a + c*w = -5283. Is a a prime number?
False
Let z = -9351 + 18451. Suppose 5*o + 9028 + z = m, 4*o - 12 = 0. Is m a composite number?
False
Suppose 4*r - 181445 = -r + 5*w, -2*r - w + 72578 = 0. Is r prime?
False
Suppose 4*m - 17 = 7. Suppose 33*q - 32 = -32*q + 57*q. Suppose q*d - m*d = -2994. Is d prime?
False
Let z(s) = 30 - 2612*s - 27 - 14 - 893*s - 2524*s. Is z(-2) a composite number?
True
Let x be (12/(-9))/(24/(-90)). Suppose x*z - 5*d - 5230 = 0, -3*z - 2*z = -3*d - 5232. Is z prime?
False
Let f be ((-4)/((-24)/267))/(2/4). Suppose 95*q = f*q + 2652. Let n = 1077 - q. Is n prime?
False
Suppose 4*l = 3*l - 7. Let w(o) = 3*o + 23. Let r be w(l). Suppose -1275 = -r*g - 437. Is g prime?
True
Let y(q) = q - 22. Let z be y(6). Let w = 16 + z. Suppose 7*m - 1633 = -2*i + 4*m, -3*i + m + 2466 = w. Is i composite?
False
Let w be ((-96)/40)/((-23)/(-10) - 2). Is 680 + 1 + w/2 prime?
True
Is 8798439/65*4*100/48 composite?
True
Let l = 532887 - 339898. Is l a composite number?
True
Suppose 0 = -m + 12*k + 694109, 5*k = 4*m + 8*k - 2776589. Is m a prime number?
False
Let n(x) = -8*x + 47. Let w be n(5). Suppose -g - 12 = -3*v, 2*v + 0*v - 16 = -2*g. Is ((-2707)/g)/(88/(-12) + w) prime?
True
Suppose 2*p - 142 = -4. Let s = p - 67. Suppose -s*a + 1394 = -4*x, -3*a + 2*a = x - 712. Is a composite?
True
Suppose 540344 = 111*t - 923590 + 315639. Is t a composite number?
True
Suppose -36*p + 14134649 + 22897435 = 0. Is p a prime number?
True
Let w be (-2 + 9)/1 - 3. Suppose -w*x - 4*k + 6784 = 0, 4*x = -k - 2*k + 6786. Suppose -3*i = -6, -2*j - i - 362 = -x. Is j a composite number?
True
Let o(n) be the second derivative of 13*n**5/20 + 11*n**4/6 + 7*n**3/6 + 11*n**2/2 - n + 74. Is o(7) a prime number?
False
Let a(n) = 2*n**2 - 171*n - 514. Is a(111) composite?
False
Let j be ((-1)/(-3))/(1/(-1503)*-1). Let v = j + -755. Let l = 413 + v. Is l a prime number?
False
Let u = 197 + 